{"id":658,"date":"2016-01-06T21:45:20","date_gmt":"2016-01-06T21:45:20","guid":{"rendered":"https:\/\/floorsystems.pl\/?page_id=658"},"modified":"2016-01-06T21:49:51","modified_gmt":"2016-01-06T21:49:51","slug":"polityka-cookies","status":"publish","type":"page","link":"https:\/\/floorsystems.pl\/index.php\/polityka-cookies\/","title":{"rendered":"Polityka Cookies"},"content":{"rendered":"<h1>Polityka cookies<\/h1>\n<div class=\"box\">\n<p>Ta strona do poprawnego dzia\u0142ania u\u017cywa plik\u00f3w cookies. Dowiedz si\u0119 wi\u0119cej o celu ich u\u017cywania i zmianie ustawie\u0144 cookies w przegl\u0105darce.<\/p>\n<p>Korzystaj\u0105c ze strony wyra\u017casz zgod\u0119 na u\u017cywanie cookies, zgodnie z aktualnymi ustawieniami przegl\u0105darki.<\/p>\n<\/div>\n<div id=\"c33895\" class=\"box\">\n<h2 class=\"heading\">Polityka plik\u00f3w cookies<\/h2>\n<ol>\n<li>Witryna nie zbiera w spos\u00f3b automatyczny \u017cadnych informacji, z wyj\u0105tkiem informacji zawartych w plikach cookies.<\/li>\n<li>Pliki cookies (tzw. \u201eciasteczka\u201d) stanowi\u0105 dane informatyczne, w szczeg\u00f3lno\u015bci pliki tekstowe, kt\u00f3re przechowywane s\u0105 w urz\u0105dzeniu ko\u0144cowym U\u017cytkownika Witryny i przeznaczone s\u0105 do korzystania ze stron internetowych Witryny. Cookies zazwyczaj zawieraj\u0105 nazw\u0119 strony internetowej, z kt\u00f3rej pochodz\u0105, czas przechowywania ich na urz\u0105dzeniu ko\u0144cowym oraz unikalny numer.<\/li>\n<li>Podmiotem zamieszczaj\u0105cym na urz\u0105dzeniu ko\u0144cowym U\u017cytkownika Witryny pliki cookies oraz uzyskuj\u0105cym do nich dost\u0119p jest wydawca (operator) Witryny, okre\u015blony w zak\u0142adce &#8220;<a class=\"internal-link\" title=\"Opens internal link in current window\" href=\"https:\/\/floorsystems.pl\/index.php\/zastrzezenie-prawne\/\">Zastrze\u017cenia prawne<\/a>&#8220;.<\/li>\n<li>Pliki cookies wykorzystywane s\u0105 w celu:\n<ol>\n<li>dostosowania zawarto\u015bci stron internetowych\u00a0Witryny do preferencji U\u017cytkownika oraz optymalizacji korzystania ze stron internetowych; w szczeg\u00f3lno\u015bci pliki te pozwalaj\u0105 rozpozna\u0107 urz\u0105dzenie U\u017cytkownika\u00a0Witryny i odpowiednio wy\u015bwietli\u0107 stron\u0119 internetow\u0105, dostosowan\u0105 do jego indywidualnych potrzeb;<\/li>\n<li>tworzenia statystyk, kt\u00f3re pomagaj\u0105 zrozumie\u0107, w jaki spos\u00f3b U\u017cytkownicy\u00a0Witryny korzystaj\u0105 ze stron internetowych, co umo\u017cliwia ulepszanie ich struktury i zawarto\u015bci;<\/li>\n<\/ol>\n<\/li>\n<li>W ramach\u00a0Witryny stosowane s\u0105 dwa zasadnicze rodzaje plik\u00f3w cookies:\n<ol>\n<li>\u201esesyjne\u201d (session cookies) &#8211; s\u0105 plikami tymczasowymi, kt\u00f3re przechowywane s\u0105 w urz\u0105dzeniu ko\u0144cowym U\u017cytkownika do czasu wylogowania, opuszczenia strony internetowej lub wy\u0142\u0105czenia oprogramowania (przegl\u0105darki internetowej)<\/li>\n<li>\u201esta\u0142e\u201d (persistent cookies) &#8211; przechowywane s\u0105 w urz\u0105dzeniu ko\u0144cowym U\u017cytkownika przez czas okre\u015blony w parametrach plik\u00f3w cookies lub do czasu ich usuni\u0119cia przez U\u017cytkownika.<\/li>\n<\/ol>\n<\/li>\n<li>W ramach\u00a0Witryny stosowane s\u0105 nast\u0119puj\u0105ce rodzaje plik\u00f3w cookies:\n<ol>\n<li>\u201efunkcjonalne\u201d pliki cookies, umo\u017cliwiaj\u0105ce \u201ezapami\u0119tanie\u201d i\/lub \u201edopasowanie\u201d wybranych przez U\u017cytkownika ustawie\u0144 i personalizacj\u0119 interfejsu U\u017cytkownika, np. w zakresie wybranego j\u0119zyka lub regionu, z kt\u00f3rego pochodzi U\u017cytkownik, rozmiaru czcionki, wygl\u0105du strony internetowej itp.;<\/li>\n<li>pliki cookies, umo\u017cliwiaj\u0105ce zbieranie informacji o sposobie korzystania ze stron internetowych Witryny.<\/li>\n<\/ol>\n<\/li>\n<li>W wielu przypadkach oprogramowanie s\u0142u\u017c\u0105ce do przegl\u0105dania stron internetowych (przegl\u0105darka internetowa) domy\u015blnie dopuszcza przechowywanie plik\u00f3w cookies w urz\u0105dzeniu ko\u0144cowym U\u017cytkownika. U\u017cytkownicy\u00a0Witryny mog\u0105 dokona\u0107 w ka\u017cdym czasie zmiany ustawie\u0144 dotycz\u0105cych plik\u00f3w cookies. Ustawienia te mog\u0105 zosta\u0107 zmienione w szczeg\u00f3lno\u015bci w taki spos\u00f3b, aby blokowa\u0107 automatyczn\u0105 obs\u0142ug\u0119 plik\u00f3w cookies w ustawieniach przegl\u0105darki internetowej b\u0105d\u017a informowa\u0107 o ich ka\u017cdorazowym zamieszczeniu w urz\u0105dzeniu U\u017cytkownika Witryny. Szczeg\u00f3\u0142owe informacje o mo\u017cliwo\u015bci i sposobach obs\u0142ugi plik\u00f3w cookies dost\u0119pne s\u0105 w ustawieniach oprogramowania (przegl\u0105darki internetowej):\n<ul>\n<li><a class=\"external-link-new-window\" title=\"Opens external link in new window\" href=\"http:\/\/windows.microsoft.com\/pl-pl\/windows-vista\/change-internet-explorer-privacy-settings\">Internet Explorer<\/a><\/li>\n<li><a class=\"external-link-new-window\" title=\"Opens external link in new window\" href=\"http:\/\/support.mozilla.org\/pl\/products\/firefox\/privacy-and-security\">Mozilla Firefox<\/a><\/li>\n<li><a class=\"external-link-new-window\" title=\"Opens external link in new window\" href=\"http:\/\/support.google.com\/chrome\/bin\/answer.py?hl=pl&amp;answer=114836\">Google Chrome<\/a><\/li>\n<li><a class=\"external-link-new-window\" title=\"Opens external link in new window\" href=\"http:\/\/help.opera.com\/Windows\/11.01\/pl\/cookies.html\">Opera<br \/>\n<\/a><\/li>\n<\/ul>\n<\/li>\n<li>Niniejsza witryna internetowa korzysta z Google Analytics, us\u0142ugi analizy ogl\u0105dalno\u015bci stron internetowych udost\u0119pnianej przez Google, Inc. (\u201cGoogle\u201d). Google Analytics u\u017cywa \u201ccookies\u201d, czyli plik\u00f3w tekstowych umieszczanych na komputerze u\u017cytkownika w celu umo\u017cliwienia witrynie przeanalizowania sposobu, w jaki u\u017cytkownicy z niej korzystaj\u0105. Informacje generowane przez cookie na temat korzystania z witryny przez u\u017cytkownika (w\u0142\u0105cznie z jego adresem IP) b\u0119d\u0105 przekazywane sp\u00f3\u0142ce Google i przechowywane przez ni\u0105 na serwerach w Stanach Zjednoczonych. Google b\u0119dzie korzysta\u0142a z tych informacji w celu oceny korzystania z witryny przez u\u017cytkownika, tworzenia raport\u00f3w dotycz\u0105cych ruchu na stronach dla operator\u00f3w witryn oraz \u015bwiadczenia innych us\u0142ug zwi\u0105zanych z ruchem na witrynach internetowych i korzystaniem z internetu. Google mo\u017ce r\u00f3wnie\u017c przekazywa\u0107 te informacje osobom trzecim, je\u017celi b\u0119dzie zobowi\u0105zana to uczyni\u0107 na podstawie przepis\u00f3w prawa lub w przypadku, gdy osoby te przetwarzaj\u0105 takie informacje w imieniu Google. Google nie b\u0119dzie \u0142\u0105czy\u0142a adresu IP u\u017cytkownika z \u017cadnymi innymi danymi b\u0119d\u0105cymi w jej posiadaniu. U\u017cytkownik mo\u017ce zrezygnowa\u0107 z cookies wybieraj\u0105c odpowiednie ustawienia na przegl\u0105darce, jednak nale\u017cy pami\u0119ta\u0107, \u017ce w takim przypadku korzystanie z wszystkich funkcji witryny mo\u017ce okaza\u0107 si\u0119 niemo\u017cliwe Korzystaj\u0105c z niniejszej witryny internetowej u\u017cytkownik wyra\u017ca zgod\u0119 na przetwarzanie przez Google dotycz\u0105cych go danych w spos\u00f3b i w celach okre\u015blonych powy\u017cej.<br \/>\nJe\u015bli chcesz wy\u0142\u0105czy\u0107 przesy\u0142anie informacji do tej us\u0142ugi mo\u017cesz skorzysta\u0107 z bezp\u0142atnego <a class=\"external-link-new-window\" title=\"Opens external link in new window\" href=\"https:\/\/tools.google.com\/dlpage\/gaoptout?hl=pl\">Dodatku do przegl\u0105darki blokuj\u0105cego Google Analytics<\/a>.<\/li>\n<li>Operator Witryny informuje, \u017ce ograniczenia stosowania plik\u00f3w cookies mog\u0105 wp\u0142yn\u0105\u0107 na niekt\u00f3re funkcjonalno\u015bci dost\u0119pne na stronach internetowych Witryny.<\/li>\n<li>Wi\u0119cej informacji na temat plik\u00f3w cookies dost\u0119pnych jest pod adresem <a href=\"http:\/\/pl.wikipedia.org\/wiki\/Ciasteczko\">http:\/\/pl.wikipedia.org\/wiki\/Ciasteczko<\/a> lub w sekcji \u201ePomoc\u201d w menu przegl\u0105darki internetowej.<\/li>\n<li>Wszelkie zmiany zapis\u00f3w polityki prywatno\u015bci b\u0119d\u0105 og\u0142aszane poprzez zmian\u0119 niniejszego tekstu.<\/li>\n<\/ol>\n<\/div>\n","protected":false},"excerpt":{"rendered":"<p>Polityka cookies Ta strona do poprawnego dzia\u0142ania u\u017cywa plik\u00f3w cookies. Dowiedz si\u0119 wi\u0119cej o celu ich u\u017cywania i zmianie ustawie\u0144 cookies w przegl\u0105darce. Korzystaj\u0105c ze strony wyra\u017casz zgod\u0119 na u\u017cywanie cookies, zgodnie z aktualnymi ustawieniami przegl\u0105darki. Polityka plik\u00f3w cookies Witryna nie zbiera w spos\u00f3b automatyczny \u017cadnych informacji, z wyj\u0105tkiem informacji zawartych w plikach cookies. Pliki [&hellip;]<\/p>\n","protected":false},"author":1,"featured_media":0,"parent":0,"menu_order":0,"comment_status":"closed","ping_status":"closed","template":"","meta":{"footnotes":""},"class_list":["post-658","page","type-page","status-publish","hentry"],"yoast_head":"<!-- This site is optimized with the Yoast SEO plugin v27.2 - https:\/\/yoast.com\/product\/yoast-seo-wordpress\/ -->\n<title>Polityka Cookies - Posadzki Przemys\u0142owe - Industrial Floor Systems<\/title>\n<meta name=\"description\" content=\"Posadzki przemys\u0142owe Superfloor\" \/>\n<meta name=\"robots\" content=\"index, follow, max-snippet:-1, max-image-preview:large, max-video-preview:-1\" \/>\n<link rel=\"canonical\" href=\"https:\/\/floorsystems.pl\/index.php\/polityka-cookies\/\" \/>\n<meta property=\"og:locale\" content=\"en_US\" \/>\n<meta property=\"og:type\" content=\"article\" \/>\n<meta property=\"og:title\" content=\"Polityka Cookies - Posadzki Przemys\u0142owe - Industrial Floor Systems\" \/>\n<meta property=\"og:description\" content=\"Posadzki przemys\u0142owe Superfloor\" \/>\n<meta property=\"og:url\" content=\"https:\/\/floorsystems.pl\/index.php\/polityka-cookies\/\" \/>\n<meta property=\"og:site_name\" content=\"Posadzki Przemys\u0142owe - Industrial Floor Systems\" \/>\n<meta property=\"article:modified_time\" content=\"2016-01-06T21:49:51+00:00\" \/>\n<meta name=\"twitter:card\" content=\"summary_large_image\" \/>\n<meta name=\"twitter:label1\" content=\"Est. reading time\" \/>\n\t<meta name=\"twitter:data1\" content=\"4 minutes\" \/>\n<script type=\"application\/ld+json\" class=\"yoast-schema-graph\">{\"@context\":\"https:\/\/schema.org\",\"@graph\":[{\"@type\":\"WebPage\",\"@id\":\"https:\/\/floorsystems.pl\/index.php\/polityka-cookies\/\",\"url\":\"https:\/\/floorsystems.pl\/index.php\/polityka-cookies\/\",\"name\":\"Polityka Cookies - Posadzki Przemys\u0142owe - Industrial Floor Systems\",\"isPartOf\":{\"@id\":\"https:\/\/floorsystems.pl\/#website\"},\"datePublished\":\"2016-01-06T21:45:20+00:00\",\"dateModified\":\"2016-01-06T21:49:51+00:00\",\"description\":\"Posadzki przemys\u0142owe Superfloor\",\"breadcrumb\":{\"@id\":\"https:\/\/floorsystems.pl\/index.php\/polityka-cookies\/#breadcrumb\"},\"inLanguage\":\"en-US\",\"potentialAction\":[{\"@type\":\"ReadAction\",\"target\":[\"https:\/\/floorsystems.pl\/index.php\/polityka-cookies\/\"]}]},{\"@type\":\"BreadcrumbList\",\"@id\":\"https:\/\/floorsystems.pl\/index.php\/polityka-cookies\/#breadcrumb\",\"itemListElement\":[{\"@type\":\"ListItem\",\"position\":1,\"name\":\"Home\",\"item\":\"https:\/\/floorsystems.pl\/\"},{\"@type\":\"ListItem\",\"position\":2,\"name\":\"Polityka Cookies\"}]},{\"@type\":\"WebSite\",\"@id\":\"https:\/\/floorsystems.pl\/#website\",\"url\":\"https:\/\/floorsystems.pl\/\",\"name\":\"Posadzki Przemys\u0142owe - Industrial Floor Systems\",\"description\":\"Posadzki Przemys\u0142owe\",\"publisher\":{\"@id\":\"https:\/\/floorsystems.pl\/#organization\"},\"potentialAction\":[{\"@type\":\"SearchAction\",\"target\":{\"@type\":\"EntryPoint\",\"urlTemplate\":\"https:\/\/floorsystems.pl\/?s={search_term_string}\"},\"query-input\":{\"@type\":\"PropertyValueSpecification\",\"valueRequired\":true,\"valueName\":\"search_term_string\"}}],\"inLanguage\":\"en-US\"},{\"@type\":\"Organization\",\"@id\":\"https:\/\/floorsystems.pl\/#organization\",\"name\":\"INDUSTRIAL FLOOR SYSTEMS\",\"url\":\"https:\/\/floorsystems.pl\/\",\"logo\":{\"@type\":\"ImageObject\",\"inLanguage\":\"en-US\",\"@id\":\"https:\/\/floorsystems.pl\/#\/schema\/logo\/image\/\",\"url\":\"https:\/\/floorsystems.pl\/wp-content\/uploads\/2016\/01\/posadzki_przemyslowe_logo.png\",\"contentUrl\":\"https:\/\/floorsystems.pl\/wp-content\/uploads\/2016\/01\/posadzki_przemyslowe_logo.png\",\"width\":300,\"height\":83,\"caption\":\"INDUSTRIAL FLOOR SYSTEMS\"},\"image\":{\"@id\":\"https:\/\/floorsystems.pl\/#\/schema\/logo\/image\/\"}}]}<\/script>\n<!-- \/ Yoast SEO plugin. -->","yoast_head_json":{"title":"Polityka Cookies - Posadzki Przemys\u0142owe - Industrial Floor Systems","description":"Posadzki przemys\u0142owe Superfloor","robots":{"index":"index","follow":"follow","max-snippet":"max-snippet:-1","max-image-preview":"max-image-preview:large","max-video-preview":"max-video-preview:-1"},"canonical":"https:\/\/floorsystems.pl\/index.php\/polityka-cookies\/","og_locale":"en_US","og_type":"article","og_title":"Polityka Cookies - Posadzki Przemys\u0142owe - Industrial Floor Systems","og_description":"Posadzki przemys\u0142owe Superfloor","og_url":"https:\/\/floorsystems.pl\/index.php\/polityka-cookies\/","og_site_name":"Posadzki Przemys\u0142owe - Industrial Floor Systems","article_modified_time":"2016-01-06T21:49:51+00:00","twitter_card":"summary_large_image","twitter_misc":{"Est. reading time":"4 minutes"},"schema":{"@context":"https:\/\/schema.org","@graph":[{"@type":"WebPage","@id":"https:\/\/floorsystems.pl\/index.php\/polityka-cookies\/","url":"https:\/\/floorsystems.pl\/index.php\/polityka-cookies\/","name":"Polityka Cookies - Posadzki Przemys\u0142owe - Industrial Floor Systems","isPartOf":{"@id":"https:\/\/floorsystems.pl\/#website"},"datePublished":"2016-01-06T21:45:20+00:00","dateModified":"2016-01-06T21:49:51+00:00","description":"Posadzki przemys\u0142owe Superfloor","breadcrumb":{"@id":"https:\/\/floorsystems.pl\/index.php\/polityka-cookies\/#breadcrumb"},"inLanguage":"en-US","potentialAction":[{"@type":"ReadAction","target":["https:\/\/floorsystems.pl\/index.php\/polityka-cookies\/"]}]},{"@type":"BreadcrumbList","@id":"https:\/\/floorsystems.pl\/index.php\/polityka-cookies\/#breadcrumb","itemListElement":[{"@type":"ListItem","position":1,"name":"Home","item":"https:\/\/floorsystems.pl\/"},{"@type":"ListItem","position":2,"name":"Polityka Cookies"}]},{"@type":"WebSite","@id":"https:\/\/floorsystems.pl\/#website","url":"https:\/\/floorsystems.pl\/","name":"Posadzki Przemys\u0142owe - Industrial Floor Systems","description":"Posadzki Przemys\u0142owe","publisher":{"@id":"https:\/\/floorsystems.pl\/#organization"},"potentialAction":[{"@type":"SearchAction","target":{"@type":"EntryPoint","urlTemplate":"https:\/\/floorsystems.pl\/?s={search_term_string}"},"query-input":{"@type":"PropertyValueSpecification","valueRequired":true,"valueName":"search_term_string"}}],"inLanguage":"en-US"},{"@type":"Organization","@id":"https:\/\/floorsystems.pl\/#organization","name":"INDUSTRIAL FLOOR SYSTEMS","url":"https:\/\/floorsystems.pl\/","logo":{"@type":"ImageObject","inLanguage":"en-US","@id":"https:\/\/floorsystems.pl\/#\/schema\/logo\/image\/","url":"https:\/\/floorsystems.pl\/wp-content\/uploads\/2016\/01\/posadzki_przemyslowe_logo.png","contentUrl":"https:\/\/floorsystems.pl\/wp-content\/uploads\/2016\/01\/posadzki_przemyslowe_logo.png","width":300,"height":83,"caption":"INDUSTRIAL FLOOR SYSTEMS"},"image":{"@id":"https:\/\/floorsystems.pl\/#\/schema\/logo\/image\/"}}]}},"_links":{"self":[{"href":"https:\/\/floorsystems.pl\/index.php\/wp-json\/wp\/v2\/pages\/658","targetHints":{"allow":["GET"]}}],"collection":[{"href":"https:\/\/floorsystems.pl\/index.php\/wp-json\/wp\/v2\/pages"}],"about":[{"href":"https:\/\/floorsystems.pl\/index.php\/wp-json\/wp\/v2\/types\/page"}],"author":[{"embeddable":true,"href":"https:\/\/floorsystems.pl\/index.php\/wp-json\/wp\/v2\/users\/1"}],"replies":[{"embeddable":true,"href":"https:\/\/floorsystems.pl\/index.php\/wp-json\/wp\/v2\/comments?post=658"}],"version-history":[{"count":2,"href":"https:\/\/floorsystems.pl\/index.php\/wp-json\/wp\/v2\/pages\/658\/revisions"}],"predecessor-version":[{"id":663,"href":"https:\/\/floorsystems.pl\/index.php\/wp-json\/wp\/v2\/pages\/658\/revisions\/663"}],"wp:attachment":[{"href":"https:\/\/floorsystems.pl\/index.php\/wp-json\/wp\/v2\/media?parent=658"}],"curies":[{"name":"wp","href":"https:\/\/api.w.org\/{rel}","templated":true}]}}